{"id":246,"date":"2019-05-15T14:04:07","date_gmt":"2019-05-15T21:04:07","guid":{"rendered":"https:\/\/nau.edu\/statewide-campuses\/?page_id=246"},"modified":"2023-07-17T09:33:50","modified_gmt":"2023-07-17T16:33:50","slug":"nau-dine-college","status":"publish","type":"page","link":"https:\/\/legacy.nau.edu\/statewide-campuses\/nau-dine-college\/","title":{"rendered":"NAU at Din\u00e9 College"},"content":{"rendered":"<h1>Northern Arizona University<\/h1>\n<h2>NAU at Din\u00e9 College<\/h2>\n<p><iframe loading=\"lazy\" style=\"border: 0px currentColor;\" src=\"https:\/\/www.google.com\/maps\/embed?pb=!1m18!1m12!1m3!1d3215.763917184746!2d-109.21854498415397!3d36.29377780374027!2m3!1f0!2f0!3f0!3m2!1i1024!2i768!4f13.1!3m3!1m2!1s0x873a8c94c0051869%3A0x3ac09b855cf59ae5!2s1+Circle+Dr%2C+Tsaile%2C+AZ+86556!5e0!3m2!1sen!2sus!4v1529429032391\" width=\"800\" height=\"150\" frameborder=\"0\" allowfullscreen=\"allowfullscreen\" data-mce-fragment=\"1\"><span data-mce-type=\"bookmark\" style=\"display: inline-block; width: 0px; overflow: hidden; line-height: 0;\" class=\"mce_SELRES_start\">\ufeff<\/span><span data-mce-type=\"bookmark\" style=\"display: inline-block; width: 0px; overflow: hidden; line-height: 0;\" class=\"mce_SELRES_start\">\ufeff<\/span><\/iframe><span style=\"font-size: 60%;\">Din\u00e9 College Tsaile Campus\u00a0is located between Routes 64 and 12 in Tsaile, Navajo Nation.<\/span><\/p>\n<p>NAU at Din\u00e9 College\u00a0is pleased to provide students with many online degree completion options. Learn in your community while accessing the same high-quality education and student-centered experience that NAU has cultivated for more than 100 years\u2014and earn the same nationally renowned, fully accredited degree when you graduate.<\/p>\n<hr \/>\n<h3>NAU Online Degrees<\/h3>\n<p><a href=\"https:\/\/catalog.nau.edu\/Catalog\/?tab=online\" target=\"_blank\" rel=\"noopener noreferrer\">Academic catalog for NAU Online<\/a><\/p>\n<hr \/>\n<div class='shortcode-column-container'><!-- shortcode-column -->\n<div class=\"shortcode-column shortcode-column--count-2\">\n    \n<div style=\"float: left;\"><i class=\"fas fa-map-marker-alt fa-lg\" aria-hidden=\"true\"><span class=\"screen-reader-text\">Map Marker Icon<\/span><\/i><\/div>\n<div style=\"padding-left: 30px;\">\n<div style=\"white-space: pre-wrap;\"><strong>Location<\/strong><\/div>\n<div style=\"white-space: pre-wrap;\"><a href=\"https:\/\/www.dinecollege.edu\/contact-us\/\">Tsaile Campus<\/a><\/div>\n<div style=\"white-space: pre-wrap;\">1 Circle Dr.<\/div>\n<div style=\"white-space: pre-wrap;\">Tsaile, AZ 86556<\/div><\/div>\n<\/div>\n<!-- shortcode-column -->\n<div class=\"shortcode-column shortcode-column--count-2\">\n    <\/div>\n<\/div>\n<div style=\"float: left;\"><i class=\"fas fa-clock fa-lg\"><span class=\"screen-reader-text\">Clock Icon<\/span><\/i><\/div>\n<div style=\"padding-left: 30px;\">\n<div style=\"white-space: pre-wrap;\"><strong>Office hours<\/strong><\/div>\n<div style=\"white-space: pre-wrap;\">Contact us for an appointment<\/div>\n<\/div>\n\n<\/div>\n<\/div>\n<hr \/>\n<h3>Campus information<\/h3>\n<div class='shortcode-column-container'><!-- shortcode-column -->\n<div class=\"shortcode-column shortcode-column--count-2\">\n    \n<div style=\"float: left;\"><i class=\"fas fa-utensils fa-lg\" aria-hidden=\"true\"><span class=\"screen-reader-text\">Utensils Icon<\/span><\/i><\/div>\n<div style=\"padding-left: 30px;\">\n<div style=\"white-space: pre-wrap;\"><strong>Dining<\/strong><\/div>\n<div style=\"white-space: pre-wrap;\"><a href=\"https:\/\/www.dinecollege.edu\/admissions\/student-meal-plans\/\">Da\u2019ad\u00e1\u00e1n\u00ed (Cafeteria)<\/a><\/div>\n<div style=\"white-space: pre-wrap;\">Tsaile Campus<\/div>\n<\/div>\n\n<\/div>\n<!-- shortcode-column -->\n<div class=\"shortcode-column shortcode-column--count-2\">\n    \n<div style=\"float: left;\"><i class=\"fas fa-coffee fa-lg\" aria-hidden=\"true\"><span class=\"screen-reader-text\">Coffee Icon<\/span><\/i><\/div>\n<div style=\"padding-left: 35px;\">\n<div style=\"white-space: pre-wrap;\"><strong>Coffee<\/strong><\/div>\n<div style=\"white-space: pre-wrap;\">Snack Bar<\/div>\n<div style=\"white-space: pre-wrap;\">Student Union<\/div>\n<\/div>\n\n<\/div>\n<\/div><div class='shortcode-column-container'><!-- shortcode-column -->\n<div class=\"shortcode-column shortcode-column--count-2\">\n    \n<div style=\"float: left;\"><i class=\"fas fa-home fa-lg\" aria-hidden=\"true\"><span class=\"screen-reader-text\">House Icon<\/span><\/i><\/div>\n<div style=\"padding-left: 35px;\">\n<div style=\"white-space: pre-wrap;\"><strong>Housing<\/strong><\/div>\n<div style=\"white-space: pre-wrap;\"><a href=\"https:\/\/www.dinecollege.edu\/admissions\/residence-life\/\">Residence Life<\/a><\/div>\n<div style=\"white-space: pre-wrap;\">Spruce Hall<\/div>\n<\/div>\n\n<\/div>\n<!-- shortcode-column -->\n<div class=\"shortcode-column shortcode-column--count-2\">\n    \n<div style=\"float: left;\"><i class=\"fas fa-bullhorn fa-lg\" aria-hidden=\"true\"><span class=\"screen-reader-text\">Bullhorn Icon<\/span><\/i><\/div>\n<div style=\"padding-left: 35px;\">\n<div style=\"white-space: pre-wrap;\"><strong>Campus Safety<\/strong><\/div>\n<div style=\"white-space: pre-wrap;\"><a href=\"https:\/\/www.dinecollege.edu\/current_students\/campus-safety\/\">Din\u00e9 College Police<\/a><\/div>\n<div style=\"white-space: pre-wrap;\">Ned Hatathlie Center, Rm 160<\/div>\n<div style=\"white-space: pre-wrap;\"><a href=\"tel:928-724-6802\">928-724-6802<\/a><\/div>\n<\/div>\n\n<\/div>\n<\/div><div class='shortcode-column-container'><!-- shortcode-column -->\n<div class=\"shortcode-column shortcode-column--count-2\">\n    \n<div style=\"float: left;\"><i class=\"fa fa-book fa-lg\" aria-hidden=\"true\"><span class=\"screen-reader-text\">Book Icon<\/span><\/i><\/div>\n<div style=\"padding-left: 30px;\">\n<div style=\"white-space: pre-wrap;\"><strong>NAU Bookstore<\/strong><\/div>\n<div style=\"white-space: pre-wrap;\"><a href=\"https:\/\/www.bkstr.com\/northernarizonastore\/\">Flagstaff Bookstore<\/a><\/div>\n<div style=\"white-space: pre-wrap;\"><a href=\"tel:9285236691\">928-523-6691<\/a><\/div>\n<\/div>\n\n<\/div>\n<!-- shortcode-column -->\n<div class=\"shortcode-column shortcode-column--count-2\">\n    \n<div style=\"float: left;\"><i class=\"fa fa-wheelchair fa-lg\" aria-hidden=\"true\"><span class=\"screen-reader-text\">Wheelchair Icon<\/span><\/i><\/div>\n<div style=\"padding-left: 30px;\">\n<div style=\"white-space: pre-wrap;\"><strong>Accessibility<\/strong><\/div>\n<p>This campus is <a href=\"http:\/\/legacy.nau.edu\/disability-resources\/\" target=\"_blank\" rel=\"noopener noreferrer\">accessible<\/a> to students with disabilities.<\/p>\n<\/div>\n\n<\/div>\n<\/div><div class='shortcode-column-container'><!-- shortcode-column -->\n<div class=\"shortcode-column shortcode-column--count-2\">\n    \n<div style=\"float: left;\"><i class=\"fa fa-info-circle fa-lg\" aria-hidden=\"true\"><span class=\"screen-reader-text\">Info Icon<\/span><\/i><\/div>\n<div style=\"padding-left: 30px;\">\n<div style=\"white-space: pre-wrap;\"><strong>Din\u00e9 College<\/strong><\/div>\n<div style=\"white-space: pre-wrap;\"><a href=\"https:\/\/www.dinecollege.edu\/contact-us\/\" target=\"_blank\" rel=\"noopener noreferrer\">Contact Din\u00e9 College<\/a><\/div>\n<\/div>\n\n<\/div>\n<!-- shortcode-column -->\n<div class=\"shortcode-column shortcode-column--count-2\">\n    \n\n<\/div>\n<\/div>\n<hr \/>\n<h2>2NAU Pathway Program<\/h2>\n<p>The 2NAU pathway program was developed through partnerships between NAU and the Arizona community colleges. This program provides you with a seamless path to earn an affordable and respected NAU bachelor\u2019s degree. You will begin your coursework at your community college, then transfer to NAU in Flagstaff, Online, or to one of our Statewide locations to finish your degree.<\/p>\n<p>We recommend signing up for this program at least two semesters before you are ready to transfer to maximize the benefits including a merit-based scholarship.<\/p>\n<ul>\n<li><a href=\"https:\/\/legacy.nau.edu\/admission\/2nau-admission\/\">Additional information and participation form<\/a>.<\/li>\n<li>Start planning your path to NAU with <a href=\"https:\/\/jackspath.nau.edu\/\">Jack\u2019s Path<\/a>. Compare degrees, see immediately how your credits transfer, and create a personalized academic plan.<\/li>\n<\/ul>\n<hr \/>\n<!-- shortcode-right-column -->\n<div class=\"shortcode-right-column\" >\n    <div class=\"shortcode-right-column__container\">\n<div style=\"background-color: #003466; overflow: hidden; margin-top: 20px;\">\n<div style=\"color: #fff; font-size: 2.4rem; text-align: center; padding: 10px; margin: 0; font-weight: 400; display: block;\">Questions?<\/div>\n<\/div>\n<div style=\"padding: 15px; background-color: #0057ab; overflow: hidden; font-size: 1.7rem; font-family: 'acumin-pro-condensed', Arial, Sans-Serif; font-weight: 400;\">\n<h6 style=\"text-align: center;\"><a style=\"color: #fff;\" href=\"tel:9285235398\">928-523-5398<\/a><\/h6>\n<h6 style=\"text-align: center;\"><a style=\"color: #fff;\" href=\"mailto:dine@nau.edu\">Email Us<\/a><\/h6>\n<\/div>\n<div>\n<div><hr role=\"separator\" class=\"hr--transparent hr--transparent-15px not-in-view\"><\/div>\n<div style=\"text-align: center;\">\n<div>\n<div style=\"text-align: center;\"><a class=\"shortcode-button\" href=\"https:\/\/legacy.nau.edu\/admission\/find-your-path-to-nau\/schedule\/\">Join Us to Learn about Transferring to NAU<\/a><\/div>\n<\/div>\n<div><hr role=\"separator\" class=\"hr--transparent hr--transparent-30px not-in-view\"><\/div>\n<\/div>\n<\/div>\n<hr \/>\n<\/div>\n<\/div>\n\n","protected":false},"excerpt":{"rendered":"<p>Northern Arizona University NAU at Din\u00e9 College \ufeff\ufeffDin\u00e9 College Tsaile Campus\u00a0is located between Routes 64 and 12 in Tsaile, Navajo Nation. NAU at Din\u00e9 College\u00a0is pleased to provide students with many online degree completion options. Learn in your community while accessing the same high-quality education and student-centered experience that NAU has cultivated for more than [&hellip;]<\/p>\n","protected":false},"author":84,"featured_media":0,"parent":0,"menu_order":0,"comment_status":"closed","ping_status":"closed","template":"","meta":{"ring_central_script_selection":""},"acf":[],"_links":{"self":[{"href":"https:\/\/legacy.nau.edu\/statewide-campuses\/wp-json\/wp\/v2\/pages\/246"}],"collection":[{"href":"https:\/\/legacy.nau.edu\/statewide-campuses\/wp-json\/wp\/v2\/pages"}],"about":[{"href":"https:\/\/legacy.nau.edu\/statewide-campuses\/wp-json\/wp\/v2\/types\/page"}],"author":[{"embeddable":true,"href":"https:\/\/legacy.nau.edu\/statewide-campuses\/wp-json\/wp\/v2\/users\/84"}],"replies":[{"embeddable":true,"href":"https:\/\/legacy.nau.edu\/statewide-campuses\/wp-json\/wp\/v2\/comments?post=246"}],"version-history":[{"count":18,"href":"https:\/\/legacy.nau.edu\/statewide-campuses\/wp-json\/wp\/v2\/pages\/246\/revisions"}],"predecessor-version":[{"id":1347,"href":"https:\/\/legacy.nau.edu\/statewide-campuses\/wp-json\/wp\/v2\/pages\/246\/revisions\/1347"}],"wp:attachment":[{"href":"https:\/\/legacy.nau.edu\/statewide-campuses\/wp-json\/wp\/v2\/media?parent=246"}],"curies":[{"name":"wp","href":"https:\/\/api.w.org\/{rel}","templated":true}]}}